{"id":9,"date":"2015-05-28T17:43:28","date_gmt":"2015-05-28T14:43:28","guid":{"rendered":"http:\/\/www.caverit.fi\/?page_id=9"},"modified":"2015-08-11T22:43:25","modified_gmt":"2015-08-11T19:43:25","slug":"koulutus","status":"publish","type":"page","link":"https:\/\/www.caverit.fi\/?page_id=9","title":{"rendered":"Koulutus"},"content":{"rendered":"<p><a href=\"http:\/\/www.caverit.fi\/wp-content\/uploads\/2015\/05\/Untitled-2.jpg\"><img decoding=\"async\" loading=\"lazy\" src=\"http:\/\/www.caverit.fi\/wp-content\/uploads\/2015\/05\/Untitled-2.jpg\" alt=\"Untitled-2\" width=\"780\" height=\"283\" class=\"alignnone size-full wp-image-72\" srcset=\"https:\/\/www.caverit.fi\/wp-content\/uploads\/2015\/05\/Untitled-2.jpg 780w, https:\/\/www.caverit.fi\/wp-content\/uploads\/2015\/05\/Untitled-2-300x109.jpg 300w\" sizes=\"(max-width: 780px) 100vw, 780px\" \/><\/a><\/p>\n<p>Yhdistys j\u00e4rjest\u00e4\u00e4 j\u00e4senilleen s\u00e4\u00e4nn\u00f6iss\u00e4 m\u00e4\u00e4ritelty\u00e4 koulutusta. Yksik\u00f6iden luottamusmiehet toimivat koulutustarpeen kartoittajina. Kun tarvetta jollekin koulutustilaisuudelle on, niin yksik\u00f6nluottamusmies ja yhdistyksen puheenjohtaja yhdess\u00e4 suunnittelevat ja toteuttavat koulutustilaisuuden.<\/p>\n<p>Koulutustilaisuuksiin voi osallistua useamman ty\u00f6huonekunnan j\u00e4seni\u00e4, jotka ovat yhdistyksen j\u00e4seni\u00e4. Koulutustilaisuuksia voidaan j\u00e4rjest\u00e4\u00e4 my\u00f6s alueellisina tapahtumina.<\/p>\n<p>Kurssien j\u00e4rjest\u00e4misest\u00e4 maksetaan kannustusrahaa ty\u00f6huonekunnalle, kun osallistujam\u00e4\u00e4r\u00e4 on v\u00e4hint\u00e4\u00e4n 5 henkil\u00f6\u00e4.<\/p>\n<p>Asentajayhdistyksen j\u00e4senet, jotka osallistuvat asentajayhdistyksen taikka ammattiliittojen j\u00e4rjest\u00e4mille kursseille, ovat oikeutettuja saamaan yhdistyksen kurssistipendin. Hakemus tehd\u00e4\u00e4n kirjallisesti ja osoitetaan yhdistyksen taloudenhoitajalle. Kurssistipendi maksetaan niilt\u00e4 p\u00e4ivilt\u00e4 joilta j\u00e4sen ei saa ansiotuloa.<\/p>\n<p>Lataa alta tarvittavittavia lomakkeita koulutuksen hakemista varten. <\/p>\n<p><strong><a href=\"http:\/\/www.caverit.fi\/lomakkeet\/Hakemus_ry.doc\">koulutus- \/ vapaa-ajantilaisuuden hakemus<\/a><\/strong><\/p>\n<p><strong><a href=\"http:\/\/www.caverit.fi\/lomakkeet\/Osallistujaluettelo.doc\">Osanottajaluettelo<\/a><\/strong><\/p>\n","protected":false},"excerpt":{"rendered":"<p>Yhdistys j\u00e4rjest\u00e4\u00e4 j\u00e4senilleen s\u00e4\u00e4nn\u00f6iss\u00e4 m\u00e4\u00e4ritelty\u00e4 koulutusta. Yksik\u00f6iden luottamusmiehet toimivat koulutustarpeen kartoittajina. Kun tarvetta jollekin koulutustilaisuudelle on, niin yksik\u00f6nluottamusmies ja yhdistyksen puheenjohtaja yhdess\u00e4 suunnittelevat ja toteuttavat koulutustilaisuuden. Koulutustilaisuuksiin voi osallistua useamman ty\u00f6huonekunnan j\u00e4seni\u00e4, jotka ovat yhdistyksen j\u00e4seni\u00e4. Koulutustilaisuuksia voidaan j\u00e4rjest\u00e4\u00e4 my\u00f6s alueellisina tapahtumina. Kurssien j\u00e4rjest\u00e4misest\u00e4 maksetaan kannustusrahaa ty\u00f6huonekunnalle, kun osallistujam\u00e4\u00e4r\u00e4 on v\u00e4hint\u00e4\u00e4n 5 henkil\u00f6\u00e4. Asentajayhdistyksen j\u00e4senet, [&hellip;]<\/p>\n","protected":false},"author":1,"featured_media":0,"parent":0,"menu_order":0,"comment_status":"closed","ping_status":"closed","template":"","meta":[],"_links":{"self":[{"href":"https:\/\/www.caverit.fi\/index.php?rest_route=\/wp\/v2\/pages\/9"}],"collection":[{"href":"https:\/\/www.caverit.fi\/index.php?rest_route=\/wp\/v2\/pages"}],"about":[{"href":"https:\/\/www.caverit.fi\/index.php?rest_route=\/wp\/v2\/types\/page"}],"author":[{"embeddable":true,"href":"https:\/\/www.caverit.fi\/index.php?rest_route=\/wp\/v2\/users\/1"}],"replies":[{"embeddable":true,"href":"https:\/\/www.caverit.fi\/index.php?rest_route=%2Fwp%2Fv2%2Fcomments&post=9"}],"version-history":[{"count":9,"href":"https:\/\/www.caverit.fi\/index.php?rest_route=\/wp\/v2\/pages\/9\/revisions"}],"predecessor-version":[{"id":92,"href":"https:\/\/www.caverit.fi\/index.php?rest_route=\/wp\/v2\/pages\/9\/revisions\/92"}],"wp:attachment":[{"href":"https:\/\/www.caverit.fi\/index.php?rest_route=%2Fwp%2Fv2%2Fmedia&parent=9"}],"curies":[{"name":"wp","href":"https:\/\/api.w.org\/{rel}","templated":true}]}}