{"id":30,"date":"2015-05-28T18:31:50","date_gmt":"2015-05-28T15:31:50","guid":{"rendered":"http:\/\/www.caverit.fi\/?page_id=30"},"modified":"2019-10-14T14:16:56","modified_gmt":"2019-10-14T11:16:56","slug":"ajankohtaista","status":"publish","type":"page","link":"https:\/\/www.caverit.fi\/?page_id=30","title":{"rendered":"Ajankohtaista"},"content":{"rendered":"\n<h1>Caverion\nasentajayhdistys rY toimintasuunnitelma vuodelle 2019<\/h1>\n\n\n\n<p>Asentajayhdistyksen toimintaa\nohjaa s\u00e4\u00e4nn\u00f6iss\u00e4 m\u00e4\u00e4ritellyt teht\u00e4v\u00e4t. <\/p>\n\n\n\n<p><strong>J\u00e4senmaksu \/ uusien j\u00e4senien hankinta:<\/strong><\/p>\n\n\n\n<p>Toiminnan rahoittamiseksi\nperit\u00e4\u00e4n j\u00e4senilt\u00e4 j\u00e4senmaksua, jonka suuruus on 0,05&nbsp;% verotettavasta\npalkkatulosta. J\u00e4senmaksun perii sek\u00e4 tilitt\u00e4\u00e4 yhdistyksen tilille ty\u00f6nantaja\njokaisen j\u00e4senen antamalla henkil\u00f6kohtaisella valtakirjalla. <\/p>\n\n\n\n<p>Liittymis- \/\nj\u00e4senmaksuperint\u00e4kaavakkeita saa luottamusmiehilt\u00e4 sek\u00e4 yhdistyksen\nkotisivuilta. Luottamusmiehet tarkistavat ty\u00f6huonekuntiensa osalta asentajien\nj\u00e4senyyden ja niille asentajille jotka eiv\u00e4t kuulu asentajayhdistykseen\ntarjotaan mahdollisuutta liitty\u00e4 j\u00e4seneksi. Heille esitell\u00e4\u00e4n yhdistyksen\nhistoriaa ja toimintaa. <\/p>\n\n\n\n<p><strong>Kokoustoiminta:<\/strong><\/p>\n\n\n\n<p>Vuonna 2019 aikana yhdistys\npit\u00e4\u00e4 s\u00e4\u00e4nt\u00f6m\u00e4\u00e4r\u00e4isen vuosikokouksen. Valittu hallitus kokoontuu tarvittaessa\npuheenjohtajan kokoon kutsumana tai kun kaksi (2) hallituksen varsinaista\nj\u00e4sent\u00e4 niin vaatii.<\/p>\n\n\n\n<p>Vuosikokous =&gt; hallitus\np\u00e4\u00e4tt\u00e4\u00e4<\/p>\n\n\n\n<p><strong>Koulutus\/ vapaa-ajan toiminta<\/strong><\/p>\n\n\n\n<p>Yhdistys j\u00e4rjest\u00e4\u00e4 tarpeen\nmukaan j\u00e4senilleen s\u00e4\u00e4nn\u00f6iss\u00e4 m\u00e4\u00e4ritelty\u00e4 koulutusta. Yksik\u00f6iden\nluottamusmiehet toimivat koulutus tarpeen kartoittajina. Kun tarvetta jollekin\nkoulutustilaisuudelle on, niin yksik\u00f6np\u00e4\u00e4luottamusmies ja yhdistyksen\npuheenjohtaja yhdess\u00e4 suunnittelevat ja toteuttavat koulutustilaisuuden.\nKoulutustilaisuuksiin voi osallistua useamman ty\u00f6huonekunnan j\u00e4seni\u00e4 jotka ovat\nyhdistyksen j\u00e4seni\u00e4. Koulutustilaisuuksia voidaan j\u00e4rjest\u00e4\u00e4 my\u00f6s alueellisina\ntapahtumina. J\u00e4rjestett\u00e4ville koulutustilaisuuksille haetaan mahdollisuuksien\nmukaan S\u00e4hk\u00f6liiton kurssituki. Hakemukset liittoon hoitaa sihteeri tai\npuheenjohtaja. Kurssien j\u00e4rjest\u00e4misest\u00e4 maksetaan kannustusrahaa 250\u20ac\nty\u00f6huonekunnalle, kun osallistujam\u00e4\u00e4r\u00e4 on v\u00e4hint\u00e4\u00e4n 5 henkil\u00f6\u00e4.<\/p>\n\n\n\n<p>Asentajayhdistyksen j\u00e4senet,\njotka osallistuvat asentajayhdistyksen taikka ammattiliittojen\/osastojen\nj\u00e4rjest\u00e4mille kursseille ovat oikeutettuja saamaan yhdistyksen kurssistipendin.<\/p>\n\n\n\n<p>Muut kurssi stipendit hallitus\nk\u00e4sittelee ja p\u00e4\u00e4tt\u00e4\u00e4 tapauskohtaisesti.<\/p>\n\n\n\n<p>Kurssistipendin arvo on 50\u20ac\/\nkurssip\u00e4iv\u00e4 joka maksetaan niilt\u00e4 p\u00e4ivilt\u00e4 joilta j\u00e4sen ei saa ansiotuloa.<\/p>\n\n\n\n<p>Kurssistipendi maksetaan henkil\u00f6lle\nmaksimissaan kuudelta kurssip\u00e4iv\u00e4lt\u00e4 kalenterivuodessa.<\/p>\n\n\n\n<p>Kurssistipendihakemukset tehd\u00e4\u00e4n\nkirjallisesti ja osoitetaan yhdistyksen taloudenhoitajalle ja puheenjohtajalle\nkuukauden kuluessa kurssille osallistumisesta.<\/p>\n\n\n\n<p>Ammattitutkintostipendi 200\neuroa maksetaan j\u00e4senelle suoritetuista ty\u00f6ehtosopimuksen mukaisista\nammattitutkinnoista..<\/p>\n\n\n\n<p>Ammattitutkintostipendihakemukset\ntehd\u00e4\u00e4n kirjallisesti ja osoitetaan yhdistyksen taloudenhoitajalle ja\npuheenjohtajalle kuukauden kuluessa todistuksen saamisesta.<\/p>\n\n\n\n<p>Vapaa-ajan toimintaa tuetaan yhdistyksen\nvaroista 25,00\u20ac\/osallistuja\/vuosi, tuki maksetaan ty\u00f6huonekunnalle. <\/p>\n\n\n\n<p>Hakemukset kuukauden kuluessa\ntaloudenhoitajalle ja puheenjohtajalle.<\/p>\n\n\n\n<p><strong>Matkakulut Asentajayhdistyksen kokouksiin:<\/strong><\/p>\n\n\n\n<p>Matkakulut korvataan julkisten\nkulkuneuvojen taksojen mukaan. Oman auton k\u00e4yt\u00f6st\u00e4 korvaus maksetaan vain auton\nk\u00e4ytt\u00e4j\u00e4lle. Korvaus on 0,25 \u20ac\/km. Matkustajista maksetaan 0,10 \u20ac \/ matkustaja\n\/ kilometri.<br>\n<br>\n<\/p>\n\n\n\n<p><strong>ASPA-urakkalaskentaohjelma<\/strong><\/p>\n\n\n\n<p>Tukihenkil\u00f6in\u00e4 ja kouluttajina\ntoimivat Sami Kalteva ja Petri Rosenberg<\/p>\n\n\n\n<p><strong>Tiedotustoiminta:<\/strong><\/p>\n\n\n\n<p>Yhdistyksen kotisivut toimivat\np\u00e4\u00e4tiedotuskanavana. Sivujen kautta yhdistyksen toimintaa tehd\u00e4\u00e4n tunnetuksi. <a href=\"http:\/\/www.caverit.fi\">www.caverit.fi<\/a> <\/p>\n","protected":false},"excerpt":{"rendered":"<p>Caverion asentajayhdistys rY toimintasuunnitelma vuodelle 2019 Asentajayhdistyksen toimintaa ohjaa s\u00e4\u00e4nn\u00f6iss\u00e4 m\u00e4\u00e4ritellyt teht\u00e4v\u00e4t. J\u00e4senmaksu \/ uusien j\u00e4senien hankinta: Toiminnan rahoittamiseksi perit\u00e4\u00e4n j\u00e4senilt\u00e4 j\u00e4senmaksua, jonka suuruus on 0,05&nbsp;% verotettavasta palkkatulosta. J\u00e4senmaksun perii sek\u00e4 tilitt\u00e4\u00e4 yhdistyksen tilille ty\u00f6nantaja jokaisen j\u00e4senen antamalla henkil\u00f6kohtaisella valtakirjalla. Liittymis- \/ j\u00e4senmaksuperint\u00e4kaavakkeita saa luottamusmiehilt\u00e4 sek\u00e4 yhdistyksen kotisivuilta. Luottamusmiehet tarkistavat ty\u00f6huonekuntiensa osalta asentajien j\u00e4senyyden ja [&hellip;]<\/p>\n","protected":false},"author":1,"featured_media":0,"parent":0,"menu_order":0,"comment_status":"closed","ping_status":"closed","template":"","meta":[],"_links":{"self":[{"href":"https:\/\/www.caverit.fi\/index.php?rest_route=\/wp\/v2\/pages\/30"}],"collection":[{"href":"https:\/\/www.caverit.fi\/index.php?rest_route=\/wp\/v2\/pages"}],"about":[{"href":"https:\/\/www.caverit.fi\/index.php?rest_route=\/wp\/v2\/types\/page"}],"author":[{"embeddable":true,"href":"https:\/\/www.caverit.fi\/index.php?rest_route=\/wp\/v2\/users\/1"}],"replies":[{"embeddable":true,"href":"https:\/\/www.caverit.fi\/index.php?rest_route=%2Fwp%2Fv2%2Fcomments&post=30"}],"version-history":[{"count":7,"href":"https:\/\/www.caverit.fi\/index.php?rest_route=\/wp\/v2\/pages\/30\/revisions"}],"predecessor-version":[{"id":162,"href":"https:\/\/www.caverit.fi\/index.php?rest_route=\/wp\/v2\/pages\/30\/revisions\/162"}],"wp:attachment":[{"href":"https:\/\/www.caverit.fi\/index.php?rest_route=%2Fwp%2Fv2%2Fmedia&parent=30"}],"curies":[{"name":"wp","href":"https:\/\/api.w.org\/{rel}","templated":true}]}}